{"id":857,"date":"2023-05-14T16:24:54","date_gmt":"2023-05-14T16:24:54","guid":{"rendered":"https:\/\/alquilerturisticollanes.es\/?page_id=857"},"modified":"2023-05-14T16:32:16","modified_gmt":"2023-05-14T16:32:16","slug":"aviso-legal-2","status":"publish","type":"page","link":"https:\/\/alquilerturisticollanes.es\/?page_id=857","title":{"rendered":"condiciones"},"content":{"rendered":"<p>[et_pb_section fb_built=&#8221;1&#8243; _builder_version=&#8221;4.7.4&#8243; _module_preset=&#8221;default&#8221;][et_pb_row _builder_version=&#8221;4.7.4&#8243; _module_preset=&#8221;default&#8221;][et_pb_column type=&#8221;4_4&#8243; _builder_version=&#8221;4.7.4&#8243; _module_preset=&#8221;default&#8221; hover_enabled=&#8221;0&#8243; sticky_enabled=&#8221;0&#8243;][et_pb_text _builder_version=&#8221;4.7.4&#8243; _module_preset=&#8221;default&#8221; hover_enabled=&#8221;0&#8243; sticky_enabled=&#8221;0&#8243;]<\/p>\n<h1><strong>CONDICIONES DE CONTRATACI\u00d3N Y USO DE LA VIVIENDA<\/strong><\/h1>\n<p>[\/et_pb_text][\/et_pb_column][\/et_pb_row][et_pb_row _builder_version=&#8221;4.7.4&#8243; _module_preset=&#8221;default&#8221;][et_pb_column type=&#8221;4_4&#8243; _builder_version=&#8221;4.7.4&#8243; _module_preset=&#8221;default&#8221;][et_pb_text _builder_version=&#8221;4.7.4&#8243; _module_preset=&#8221;default&#8221; ul_font_size=&#8221;15px&#8221; hover_enabled=&#8221;0&#8243; sticky_enabled=&#8221;0&#8243;]<\/p>\n<p>Registro Vivienda de Uso Tur\u00edstico del Principado de Asturias, c\u00f3digo <strong>VUT-2388-AS<\/strong>.<\/p>\n<ol>\n<li><strong> <\/strong><strong>HORARIOS DE ESTANCIA<\/strong><\/li>\n<\/ol>\n<p><strong><u>Entrada<\/u><\/strong><strong>: 17:00 h., primer d\u00eda.<\/strong><\/p>\n<p><strong><u>Salida<\/u><\/strong><strong>: 12:00 h, \u00faltimo d\u00eda.<\/strong><\/p>\n<p>En caso de no abandonar el apartamento antes de esta hora, se entender\u00e1 que se prolonga la estancia un d\u00eda m\u00e1s, salvo acuerdo previo con la propiedad.<\/p>\n<ol start=\"2\">\n<li><strong> <\/strong><strong>RESERVAS:<\/strong><\/li>\n<\/ol>\n<ul>\n<li>Se aceptan reservas hasta 24 horas antes del d\u00eda de entrada.<\/li>\n<li>Los anticipos en concepto de reserva son a cuenta del importe de los servicios contratados.<\/li>\n<\/ul>\n<p>&nbsp;<\/p>\n<ol start=\"3\">\n<li><strong> <\/strong><strong>FIANZA<\/strong><\/li>\n<\/ol>\n<p>Los importes en concepto de fianza se utilizar\u00e1n para responder ante&nbsp; deterioros o&nbsp; p\u00e9rdidas de instalaciones, mobiliario y enseres y ser\u00e1 un 25% sobre el precio del alquiler. Se devolver\u00e1 a la salida si no hay incidentes al respecto.<\/p>\n<ol start=\"4\">\n<li><strong> <\/strong><strong>CANCELACIONES<\/strong><\/li>\n<\/ol>\n<ul>\n<li>De 7 a 15 d\u00edas de anterioridad: se retendr\u00e1 el 50%.<\/li>\n<li>De 1 a 7 d\u00edas de anterioridad: se retendr\u00e1 el 100%.<\/li>\n<li>Si el cliente no llega antes de las 20:00 h, se proceder\u00e1 a la cancelaci\u00f3n.<\/li>\n<li>Si el cliente abandona el piso antes del fin de contrato, se retendr\u00e1 el 50% de los d\u00edas que resten por disfrutar.<\/li>\n<\/ul>\n<p>&nbsp;<\/p>\n<ol start=\"5\">\n<li><strong> <\/strong><strong>NORMAS DE USO<\/strong><\/li>\n<\/ol>\n<ul>\n<li><strong>Prohibido los animales de compa\u00f1\u00eda en la vivienda<\/strong>.<\/li>\n<li>El cliente contactar\u00e1 a trav\u00e9s del n\u00famero de atenci\u00f3n de 24 horas facilitado, ante cualquier incidencia en la vivienda.<\/li>\n<li>A la salida, el cliente abandonar\u00e1 la vivienda, en las mismas condiciones de limpieza e higiene general en las que accedi\u00f3. En caso contrario, se restar\u00e1 la parte correspondiente de la fianza.<\/li>\n<li>Prohibido dejar en el interior de la vivienda residuos biol\u00f3gicos, como pueden ser, entre otros posibles, pa\u00f1uelos desechables.<\/li>\n<li>El cliente es responsable de declarar el n\u00famero de personas total que ocupar\u00e1n la vivienda.<\/li>\n<li>Los usuarios de la vivienda est\u00e1n obligados a cuidar el apartamento y todo lo contenido en \u00e9l, siendo de su cargo los deterioros o p\u00e9rdidas que se produzcan en el mismo.<\/li>\n<li>La propiedad de la vivienda no se hace responsable de los efectos personales de los clientes.<\/li>\n<li>Est\u00e1 prohibido fumar en el interior de la vivienda.<\/li>\n<\/ul>\n<p><em>&nbsp;(Art. 16 del Real Decreto 48\/2016 de Viviendas vacacionales y viviendas de uso tur\u00edstico)<\/em><\/p>\n<p><strong>Con el incumplimiento de estas normas, podr\u00e1n ser desalojados.<\/strong><\/p>\n<p><strong>&nbsp;<\/strong><\/p>\n<ol start=\"6\">\n<li><strong> <\/strong><strong>PROHIBICIONES<\/strong><\/li>\n<\/ol>\n<p><em>(Art.28 Decreto 48\/2016, de viviendas vacacionales y viviendas de uso tur\u00edstico).<\/em><\/p>\n<p>Queda prohibido, en todo caso, a los clientes:<\/p>\n<ul>\n<li>Introducir muebles en el alojamiento o realizar obras o reparaciones en el mismo, sin autorizaci\u00f3n escrita del titular de la vivienda vacacional o de uso tur\u00edstico.<\/li>\n<li>Alojar un mayor n\u00famero de personas de las que correspondan a la capacidad m\u00e1xima fijada para la vivienda.<\/li>\n<li>Ejercer la actividad de hospedaje en la vivienda o destinarla a fines distintos de aquellos para los que se contrat\u00f3.<\/li>\n<li>Introducir materias o sustancias explosivas o inflamables u otras que puedan causar da\u00f1os o molestias a los dem\u00e1s ocupantes del inmueble.<\/li>\n<li>Realizar cualquier actividad que entre en contradicci\u00f3n con los usos de convivencia, higiene y orden p\u00fablico habituales, o que impida el normal descanso de otros usuarios del inmueble.<\/li>\n<li>Introducir animales contra la prohibici\u00f3n del titular de la vivienda, salvo que se trate de perros de asistencia para personas con discapacidades.<\/li>\n<li>Introducir aparatos o mecanismos que alteren sensiblemente el consumo medio de agua y energ\u00eda.<\/li>\n<\/ul>\n<p><strong>Con el incumplimiento de estas normas, se proceder\u00e1 a su desalojo y se solicitar\u00e1 la ayuda a las fuerzas de orden p\u00fablico.<\/strong><\/p>\n<ol start=\"7\">\n<li><strong> <\/strong><strong>OBLIGACIONES DEL USUARIO.&nbsp;<\/strong><\/li>\n<\/ol>\n<ul>\n<li>Observar las normas de seguridad, convivencia e higiene.<\/li>\n<li>Cumplir las normas de uso.<\/li>\n<li>Respetar el establecimiento, el equipamiento y sus instalaciones.<\/li>\n<li>Realizar el pago del precio siguiendo las condiciones acordadas.<\/li>\n<\/ul>\n<p>&nbsp;<\/p>\n<ol start=\"8\">\n<li><b>HURTOS<\/b><strong><\/strong><\/li>\n<\/ol>\n<ul>\n<li>La propiedad tiene confeccionado un inventario del equipamiento de la vivienda. A la salida del cliente se realiza un recuento de todo el equipamiento existente en el mismo. En caso de notar la falta de alg\u00fan elemento, se comunicar\u00e1 al cliente y se proceder\u00e1 a la pertinente denuncia.<\/li>\n<\/ul>\n<ol start=\"9\">\n<li><strong> <\/strong><strong>GARANTIAS<\/strong><\/li>\n<\/ol>\n<ul>\n<li>Se garantiza para el acceso del cliente a la vivienda, la limpieza y desinfecci\u00f3n general de la misma, as\u00ed como el cambio de lencer\u00eda.<\/li>\n<\/ul>\n<p>[\/et_pb_text][\/et_pb_column][\/et_pb_row][\/et_pb_section]<\/p>\n","protected":false},"excerpt":{"rendered":"<p>[et_pb_section fb_built=&#8221;1&#8243; _builder_version=&#8221;4.7.4&#8243; _module_preset=&#8221;default&#8221;][et_pb_row _builder_version=&#8221;4.7.4&#8243; _module_preset=&#8221;default&#8221;][et_pb_column type=&#8221;4_4&#8243; _builder_version=&#8221;4.7.4&#8243; _module_preset=&#8221;default&#8221; hover_enabled=&#8221;0&#8243; sticky_enabled=&#8221;0&#8243;][et_pb_text _builder_version=&#8221;4.7.4&#8243; _module_preset=&#8221;default&#8221; hover_enabled=&#8221;0&#8243; sticky_enabled=&#8221;0&#8243;] CONDICIONES DE CONTRATACI\u00d3N Y USO DE LA VIVIENDA [\/et_pb_text][\/et_pb_column][\/et_pb_row][et_pb_row _builder_version=&#8221;4.7.4&#8243; _module_preset=&#8221;default&#8221;][et_pb_column type=&#8221;4_4&#8243; _builder_version=&#8221;4.7.4&#8243; _module_preset=&#8221;default&#8221;][et_pb_text _builder_version=&#8221;4.7.4&#8243; _module_preset=&#8221;default&#8221; ul_font_size=&#8221;15px&#8221; hover_enabled=&#8221;0&#8243; sticky_enabled=&#8221;0&#8243;] Registro Vivienda de Uso Tur\u00edstico del Principado de Asturias, c\u00f3digo VUT-2388-AS. HORARIOS DE ESTANCIA Entrada: 17:00 h., primer d\u00eda. Salida: 12:00 [&hellip;]<\/p>\n","protected":false},"author":1,"featured_media":0,"parent":0,"menu_order":0,"comment_status":"closed","ping_status":"closed","template":"","meta":{"_et_pb_use_builder":"on","_et_pb_old_content":"","_et_gb_content_width":"","footnotes":""},"class_list":["post-857","page","type-page","status-publish","hentry"],"aioseo_notices":[],"_links":{"self":[{"href":"https:\/\/alquilerturisticollanes.es\/index.php?rest_route=\/wp\/v2\/pages\/857","targetHints":{"allow":["GET"]}}],"collection":[{"href":"https:\/\/alquilerturisticollanes.es\/index.php?rest_route=\/wp\/v2\/pages"}],"about":[{"href":"https:\/\/alquilerturisticollanes.es\/index.php?rest_route=\/wp\/v2\/types\/page"}],"author":[{"embeddable":true,"href":"https:\/\/alquilerturisticollanes.es\/index.php?rest_route=\/wp\/v2\/users\/1"}],"replies":[{"embeddable":true,"href":"https:\/\/alquilerturisticollanes.es\/index.php?rest_route=%2Fwp%2Fv2%2Fcomments&post=857"}],"version-history":[{"count":3,"href":"https:\/\/alquilerturisticollanes.es\/index.php?rest_route=\/wp\/v2\/pages\/857\/revisions"}],"predecessor-version":[{"id":862,"href":"https:\/\/alquilerturisticollanes.es\/index.php?rest_route=\/wp\/v2\/pages\/857\/revisions\/862"}],"wp:attachment":[{"href":"https:\/\/alquilerturisticollanes.es\/index.php?rest_route=%2Fwp%2Fv2%2Fmedia&parent=857"}],"curies":[{"name":"wp","href":"https:\/\/api.w.org\/{rel}","templated":true}]}}